{"id":2,"date":"2018-01-30T10:02:12","date_gmt":"2018-01-30T09:02:12","guid":{"rendered":"http:\/\/www.europedirect-lodz.pl\/?page_id=2"},"modified":"2021-05-01T00:33:12","modified_gmt":"2021-04-30T22:33:12","slug":"ed-lodz-kontakt-i-informacje","status":"publish","type":"page","link":"https:\/\/www.europedirect-lodz.pl\/?page_id=2","title":{"rendered":"ED \u0141\u00f3d\u017a kontakt i informacje"},"content":{"rendered":"<p><em>Punkt EUROPE DIRECT w \u0141odzi jest cz\u0142onkiem sieci Europe Direct w Polsce, kt\u00f3ra z kolei jest cz\u0119\u015bci\u0105 og\u00f3lnoeuropejskiej grupy o\u015brodk\u00f3w. O\u015brodki przybli\u017caj\u0105 europejskie zagadnienia mieszka\u0144com danego regionu i zach\u0119caj\u0105 ich do udzia\u0142u w debatach na temat przysz\u0142o\u015bci UE. Sieci\u0105 punkt\u00f3w EUROPE DIRECT zarz\u0105dza Komisja Europejska. <\/em><\/p>\n<p><em>Mo\u017cna si\u0119 z nami skontaktowa\u0107, je\u017celi masz pytania dotycz\u0105ce polityki, program\u00f3w i priorytet\u00f3w UE lub je\u015bli chcesz si\u0119 zaanga\u017cowa\u0107 w wydarzenia dotycz\u0105ce przysz\u0142o\u015bci UE. <\/em><\/p>\n<p><em>Nasza oferta skierowana jest r\u00f3wnie\u017c do szk\u00f3\u0142: robimy dla nich prezentacje, prowadzimy dyskusje dotycz\u0105ce UE i dostarczamy publikacje Unii Europejskiej. <\/em><\/p>\n<p><em>Obywatele korzystaj\u0105 z wszystkich naszych us\u0142ug nieodp\u0142atnie. <\/em><\/p>\n<p><em>Nale\u017cy pami\u0119ta\u0107, \u017ce nie oferujemy doradztwa prawnego, nie zajmujemy si\u0119 te\u017c interpretowaniem przepis\u00f3w UE. <\/em><\/p>\n<p>&nbsp;<\/p>\n<p><strong><em>Skontaktuj si\u0119 z nami <\/em><\/strong><\/p>\n<p><em>EUROPE DIRECT \u0141\u00f3d\u017a ul. Sienkiewicza 55 w \u0141odzi Tel.: +48 605 420 320 Mail:\u00a0<\/em>europedirectlodz@newtechlodz.com<\/p>\n<p><strong><em>Godziny otwarcia\u00a0<\/em><\/strong><\/p>\n<p><em>Poniedzia\u0142ek: 09.00 \u2013 15.00 <\/em><\/p>\n<p><em>\u015aroda: 09.00 \u2013 15.00<\/em><\/p>\n<p><em>Pi\u0105tek: 09.00 \u2013 15.00<\/em><\/p>\n<p><strong><em>Media spo\u0142eczno\u015bciowe <\/em><\/strong><\/p>\n<p><a href=\"https:\/\/www.facebook.com\/EDLodz1\" target=\"_blank\" rel=\"noopener\"><em>Facebook EuropeDirect\u0141\u00f3dz<\/em><\/a><\/p>\n<p><strong><em>Strona internetowa \/ portal internetowy <\/em><\/strong><\/p>\n<p><a href=\"http:\/\/www.europedirect-lodz.p\" target=\"_blank\" rel=\"noopener\">Strona www EuropeDirect\u0141\u00f3d\u017a<\/a><\/p>\n<p>&nbsp;<\/p>\n<div class=\"text_exposed_show\">\n<p>&nbsp;<\/p>\n<\/div>\n","protected":false},"excerpt":{"rendered":"<p>Punkt EUROPE DIRECT w \u0141odzi jest cz\u0142onkiem sieci Europe Direct w Polsce, kt\u00f3ra z kolei jest cz\u0119\u015bci\u0105 og\u00f3lnoeuropejskiej grupy o\u015brodk\u00f3w. O\u015brodki przybli\u017caj\u0105 europejskie zagadnienia mieszka\u0144com danego regionu i zach\u0119caj\u0105 ich do udzia\u0142u w debatach na temat przysz\u0142o\u015bci UE. Sieci\u0105 punkt\u00f3w EUROPE DIRECT zarz\u0105dza Komisja Europejska. Mo\u017cna si\u0119 z nami skontaktowa\u0107, je\u017celi masz pytania dotycz\u0105ce polityki, [&hellip;]<\/p>\n","protected":false},"author":1,"featured_media":0,"parent":0,"menu_order":0,"comment_status":"closed","ping_status":"open","template":"","meta":{"footnotes":""},"_links":{"self":[{"href":"https:\/\/www.europedirect-lodz.pl\/index.php?rest_route=\/wp\/v2\/pages\/2"}],"collection":[{"href":"https:\/\/www.europedirect-lodz.pl\/index.php?rest_route=\/wp\/v2\/pages"}],"about":[{"href":"https:\/\/www.europedirect-lodz.pl\/index.php?rest_route=\/wp\/v2\/types\/page"}],"author":[{"embeddable":true,"href":"https:\/\/www.europedirect-lodz.pl\/index.php?rest_route=\/wp\/v2\/users\/1"}],"replies":[{"embeddable":true,"href":"https:\/\/www.europedirect-lodz.pl\/index.php?rest_route=%2Fwp%2Fv2%2Fcomments&post=2"}],"version-history":[{"count":6,"href":"https:\/\/www.europedirect-lodz.pl\/index.php?rest_route=\/wp\/v2\/pages\/2\/revisions"}],"predecessor-version":[{"id":1144,"href":"https:\/\/www.europedirect-lodz.pl\/index.php?rest_route=\/wp\/v2\/pages\/2\/revisions\/1144"}],"wp:attachment":[{"href":"https:\/\/www.europedirect-lodz.pl\/index.php?rest_route=%2Fwp%2Fv2%2Fmedia&parent=2"}],"curies":[{"name":"wp","href":"https:\/\/api.w.org\/{rel}","templated":true}]}}

ED Łódź kontakt i informacje

<p><em>Punkt EUROPE DIRECT w Łodzi jest członkiem sieci Europe Direct w Polsce, która z kolei jest częścią ogólnoeuropejskiej grupy ośrodków. Ośrodki przybliżają europejskie zagadnienia mieszkańcom danego regionu i zachęcają ich do udziału w debatach na temat przyszłości UE. Siecią punktów EUROPE DIRECT zarządza Komisja Europejska. </em></p>
<p><em>Można się z nami skontaktować, jeżeli masz pytania dotyczące polityki, programów i priorytetów UE lub jeśli chcesz się zaangażować w wydarzenia dotyczące przyszłości UE. </em></p>
<p><em>Nasza oferta skierowana jest również do szkół: robimy dla nich prezentacje, prowadzimy dyskusje dotyczące UE i dostarczamy publikacje Unii Europejskiej. </em></p>
<p><em>Obywatele korzystają z wszystkich naszych usług nieodpłatnie. </em></p>
<p><em>Należy pamiętać, że nie oferujemy doradztwa prawnego, nie zajmujemy się też interpretowaniem przepisów UE. </em></p>
<p>&nbsp;</p>
<p><strong><em>Skontaktuj się z nami </em></strong></p>
<p><em>EUROPE DIRECT Łódź ul. Sienkiewicza 55 w Łodzi Tel.: +48 605 420 320 Mail: </em>europedirectlodz@newtechlodz.com</p>
<p><strong><em>Godziny otwarcia </em></strong></p>
<p><em>Poniedziałek: 09.00 – 15.00 </em></p>
<p><em>Środa: 09.00 – 15.00</em></p>
<p><em>Piątek: 09.00 – 15.00</em></p>
<p><strong><em>Media społecznościowe </em></strong></p>
<p><a href="https://www.facebook.com/EDLodz1" target="_blank" rel="noopener"><em>Facebook EuropeDirectŁódz</em></a></p>
<p><strong><em>Strona internetowa / portal internetowy </em></strong></p>
<p><a href="http://www.europedirect-lodz.p" target="_blank" rel="noopener">Strona www EuropeDirectŁódź</a></p>
<p>&nbsp;</p>
<div class="text_exposed_show">
<p>&nbsp;</p>
</div>

<p>Punkt EUROPE DIRECT w Łodzi jest członkiem sieci Europe Direct w Polsce, która z kolei jest częścią ogólnoeuropejskiej grupy ośrodków. Ośrodki przybliżają europejskie zagadnienia mieszkańcom danego regionu i zachęcają ich do udziału w debatach na temat przyszłości UE. Siecią punktów EUROPE DIRECT zarządza Komisja Europejska. Można się z nami skontaktować, jeżeli masz pytania dotyczące polityki, [&hellip;]</p>
